{"id":16,"date":"2018-01-16T07:42:45","date_gmt":"2018-01-16T07:42:45","guid":{"rendered":"https:\/\/blanc-partner.ch\/?page_id=16"},"modified":"2018-01-16T11:17:05","modified_gmt":"2018-01-16T11:17:05","slug":"dienstleistungen","status":"publish","type":"page","link":"https:\/\/blanc-partner.ch\/?page_id=16","title":{"rendered":"Dienstleistungen"},"content":{"rendered":"<p><strong>Betontrennen \/ Betonfr\u00e4sen<\/strong><br \/>\nNach Plan k\u00f6nnen wir millimetergenaue \u00d6ffnungen herausschneiden, sei es f\u00fcr gr\u00f6ssere oder zus\u00e4tzliche Fenster, ver\u00e4nderte T\u00fcrformate oder neue Balkonbr\u00fcstungen. Auch ganze W\u00e4nde werden entfernt, um gr\u00f6ssere R\u00e4ume zu schaffen.<br \/>\nUnser Bestreben ist, alle Arbeiten so weit m\u00f6glich, ersch\u00fctterungsfrei und leise durchzuf\u00fchren, damit alle Nachbarn nach dem Umbau noch freundlich gr\u00fcssen.<br \/>\nUnsere Fr\u00e4sen erm\u00f6glichen Schnitte in allen Lagen und Variationen.<\/p>\n<p><strong>Betonbohren<\/strong><br \/>\nMit unseren Diamantbohrmaschinen erm\u00f6glichen wir Kernbohrungen in allen Lagen und Variationen von 10 mm bis zu 1000mm. Zum Beispiel f\u00fcr Durchbr\u00fcche f\u00fcr neue sanit\u00e4re Anlagen, Heizungsanlagen oder Traumchemin\u00e9es.<br \/>\nLeise, schnell und ohne Staubwolke.<\/p>\n<p><strong>Betonbeissen \/ Zangenabbruch<\/strong><br \/>\nEignet sich f\u00fcr W\u00e4nde, Decken und Betonelemente<br \/>\nMit einem Minimum an Emissionen r\u00e4umen wir alle Hindernisse aus Stahl und Beton aus dem Weg. F\u00fcr unsere ger\u00e4usch- und ersch\u00fctterungsarme Arbeitsweise sind uns unsere Kunden immer wieder dankbar.<br \/>\nMit unseren Betonscheren und Zangen k\u00f6nnen wir Armierbeton von bis zu 38cm Dicke beissen und zerkleinern. Die 20cm kleinen Bruchst\u00fccke k\u00f6nnen dann ohne grossen Aufwand und Kraftakt transportiert werden.<\/p>\n<p><strong>Betonpressen<\/strong><br \/>\nDieses Verfahren wird f\u00fcr preiswerte R\u00fcckbauten von \u201edicken\u201c Bauteilen verwendet wie z.B. Betonfundamente oder Natursteinen.<br \/>\nHydraulische H\u00f6chstdruckpressen erzeugen quasi eine ger\u00e4uschlose Sprengung und erm\u00f6glichen es, dass transportf\u00e4hige Betonteile abgebaut werden k\u00f6nnen.<\/p>\n<p><strong>Brandabschottung<\/strong><br \/>\nF\u00fcr die Sicherheit wird bei der Brandabschottung eine Abdichtung zweier Brandabschnitte geplant. Wir erstellen Installations-Mauerdurchbr\u00fcche, so werden m\u00f6gliche Gefahrenzonen einged\u00e4mmt.<\/p>\n<p><strong>Abbrucharbeiten<\/strong><br \/>\nDie mit Sorgfalt geplanten Abbrucharbeiten k\u00f6nnen je nach Bedarf und M\u00f6glichkeit konventionell von Hand oder mit hydraulischen Baggern ausgef\u00fchrt werden.<br \/>\nMit unserem Hydraulikhammer ab Abbruchroboter \u2013 ferngesteuert per Funk und mit Elektroantrieb \u2013 k\u00f6nnen Abbrucharbeiten auch in geschlossenen R\u00e4umen erfolgreich durchgef\u00fchrt werden.<\/p>\n<p><strong>Belagsfr\u00e4sen<\/strong><br \/>\nGerne \u00fcbernehmen wir f\u00fcr diverse Grabarbeiten das Schneiden und Fr\u00e4sen der Asphalt- und Strassenbel\u00e4ge (bis zu 15cm).<\/p>\n<p><strong>Diamantseils\u00e4gen<\/strong><br \/>\nWenn alle Technologien an ihre Grenzen stossen &#8211; mit unseren Seils\u00e4gen finden wir immer eine L\u00f6sung.<\/p>\n<p><strong>Klebebewehrung<\/strong><br \/>\nMit der Klebebewehrung \/ CFK-Lamellen k\u00f6nnen Betontragwerke schnell und meist ohne weitere Eingriffe in der Bausubstanz verst\u00e4rkt werden.<\/p>\n","protected":false},"excerpt":{"rendered":"<p>Betontrennen \/ Betonfr\u00e4sen Nach Plan k\u00f6nnen wir millimetergenaue \u00d6ffnungen herausschneiden, sei es f\u00fcr gr\u00f6ssere oder zus\u00e4tzliche Fenster, ver\u00e4nderte T\u00fcrformate oder neue Balkonbr\u00fcstungen. Auch ganze W\u00e4nde werden entfernt, um gr\u00f6ssere R\u00e4ume zu schaffen. Unser Bestreben ist, alle Arbeiten so weit m\u00f6glich, ersch\u00fctterungsfrei und leise durchzuf\u00fchren, damit alle Nachbarn nach dem Umbau noch freundlich gr\u00fcssen. Unsere Fr\u00e4sen &hellip; <\/p>\n<p class=\"link-more\"><a href=\"https:\/\/blanc-partner.ch\/?page_id=16\" class=\"more-link\"><span class=\"screen-reader-text\">\u201eDienstleistungen\u201c<\/span> weiterlesen<\/a><\/p>\n","protected":false},"author":1,"featured_media":0,"parent":0,"menu_order":0,"comment_status":"closed","ping_status":"closed","template":"","meta":{"spay_email":"","footnotes":""},"class_list":["post-16","page","type-page","status-publish","hentry"],"_links":{"self":[{"href":"https:\/\/blanc-partner.ch\/index.php?rest_route=\/wp\/v2\/pages\/16","targetHints":{"allow":["GET"]}}],"collection":[{"href":"https:\/\/blanc-partner.ch\/index.php?rest_route=\/wp\/v2\/pages"}],"about":[{"href":"https:\/\/blanc-partner.ch\/index.php?rest_route=\/wp\/v2\/types\/page"}],"author":[{"embeddable":true,"href":"https:\/\/blanc-partner.ch\/index.php?rest_route=\/wp\/v2\/users\/1"}],"replies":[{"embeddable":true,"href":"https:\/\/blanc-partner.ch\/index.php?rest_route=%2Fwp%2Fv2%2Fcomments&post=16"}],"version-history":[{"count":3,"href":"https:\/\/blanc-partner.ch\/index.php?rest_route=\/wp\/v2\/pages\/16\/revisions"}],"predecessor-version":[{"id":31,"href":"https:\/\/blanc-partner.ch\/index.php?rest_route=\/wp\/v2\/pages\/16\/revisions\/31"}],"wp:attachment":[{"href":"https:\/\/blanc-partner.ch\/index.php?rest_route=%2Fwp%2Fv2%2Fmedia&parent=16"}],"curies":[{"name":"wp","href":"https:\/\/api.w.org\/{rel}","templated":true}]}}